14/8 + -2)/(1/1252). Let p = 363 + q. Calculate the remainder when 499 is divided by p.
49
What is the remainder when 74 is divided by 3*(-3)/6 + (12 - (-31)/2)?
22
Suppose -325*o = -337*o + 27924. Calculate the remainder when o is divided by 579.
11
Suppose 0 = 8*j, -15*j + 20*j = 2*h + 10*j - 1174. What is the remainder when h is divided by 295?
292
Let r = -15463 + 15515. Calculate the remainder when 978 is divided by r.
42
Suppose 116 = 2*s - 4*i, 0 = -2*s + 11*i - 13*i + 146. What is the remainder when 348 is divided by s?
8
Suppose -4*r + 46686 = 19*r + 12485. Calculate the remainder when r is divided by 44.
35
Let h(p) = 97*p**2 - 18*p + 124. Calculate the remainder when h(6) is divided by 10.
8
Let m(o) = 2. Let b(f) = -5*f + 35. Let h(t) = -b(t) - 10*m(t). What is the remainder when 149 is divided by h(15)?
9
Let s(p) = -p**2 + 91*p + 140. What is the remainder when s(0) is divided by 23?
2
Let g(i) = 6*i**3 + 2*i**2 - 3*i + 1. Let a be g(1). Let t(c) = -10*c**2 - 17 + 15*c**2 + 27*c - a*c**2. What is the remainder when t(25) is divided by 13?
7
Let q(w) = 1507*w**2 - 10*w - 17. Calculate the remainder when q(-2) is divided by 104.
103
Suppose 19*s - 24*s - a + 665 = 0, 5*s - 4*a = 665. What is the remainder when 1194 is divided by s?
130
Let b(q) = q**3 - 30*q**2 - 32*q + 75. Let r be b(31). Let h = -46 + r. Calculate the remainder when 27 is divided by h/(1/(-6)*(-2 + 4)).
3
Suppose 232*q - 33742 - 43746 = 0. Calculate the remainder when 1676 is divided by q.
6
Suppose -461*u + 477*u = 21200. What is the remainder when u is divided by 265?
0
Suppose 107*l + 608384 = 303*l. What is the remainder when 3111 is divided by l?
7
Suppose 546*f - 210 = 539*f. What is the remainder when 107 is divided by (116/16)/(f/(-16) + 2)?
49
Let b = -15238 - -15370. Calculate the remainder when b is divided by 26.
2
Calculate the remainder when 10236/3 + 4/4 is divided by 1132.
17
Suppose -21*w - 3020 = -25*w. What is the remainder when w is divided by (2 + -5)*((-12)/10)/((-144)/(-160))?
3
Let v(p) = 19*p + 4. Suppose -25*o = -3*h - 22*o + 399, -5*h + 2*o = -677. Calculate the remainder when h is divided by v(2).
11
What is the remainder when 684/15*(-300)/(-45) is divided by (-1265)/(-25) - 10/(-25)?
49
Suppose 0 = 7*s - 0*s - 588. Calculate the remainder when 315 is divided by s.
63
Calculate the remainder when (415 + ((-30)/(-12) - 3))*(18 + 2) is divided by 21.
16
Suppose 1433 = l + v, -9*v - 2872 = -2*l - 13*v. Calculate the remainder when l is divided by 79.
8
Let v(j) = 9 - j**2 + 20 - 16*j**3 + 15*j**3. What is the remainder when (375/(-10) - 5)/(4/(-8)) is divided by v(0)?
27
Let t(o) = o**3 + 112*o**2 - 966*o - 275. Calculate the remainder when t(-120) is divided by 228.
217
Suppose 3 + 7 = -w. Let f(n) = -n**2 - 9*n + 17. Let g be f(w). Calculate the remainder when (g - -8)/(0 - -1) is divided by 10.
5
Let c = -72 - -107. Let b be 1/5 - ((-308)/c + 4). Suppose -3*g - 136 = -0*k - 5*k, b*k = 5*g + 130. Calculate the remainder when k is divided by 15.
14
Suppose 175 = -17*m - 80. What is the remainder when 38832/360 + (-2)/m is divided by 17?
6
Suppose -5*q = -r - 2824, -5*q + 5*r + 5236 - 2436 = 0. What is the remainder when q is divided by 227?
112
Suppose -324 = -3*g + 195. Let d = 299 - g. Suppose -96 = -3*h - 5*q + 4*q, -h + 5*q + 32 = 0. Calculate the remainder when d is divided by h.
30
Let i = 1285 - 916. Calculate the remainder when i is divided by 207.
162
Suppose -87 = 28*f - 31*f - 5*t, 4*t = -2*f + 56. Calculate the remainder when 131 + (2 - 3) + 2 is divided by f.
30
Let o(m) = -51*m - 196. Suppose -19 = 5*g - r - 0*r, 2*r + 14 = -3*g. What is the remainder when 109 is divided by o(g)?
5
Let w = 42 - 10. Let k be (4/12*0)/(-2). Suppose -5*n = k, -4*h + 60 = -h + 2*n. Calculate the remainder when w is divided by h.
12
Let z(k) = k**2 - k - 2. Let r be z(-9). Suppose -9*q + 74 = -r. What is the remainder when 61 is divided by q?
7
Suppose p - 3*g - 34 = 0, -68 = 5*g - 83. What is the remainder when 1760 is divided by p?
40
Suppose 0*x + 16*x = 6874 - 2474. Calculate the remainder when 281 is divided by x.
6
Calculate the remainder when 1313 + 2 + 3 + (-3 - -6) + -5 is divided by 100.
16
Calculate the remainder when 32/(-192)*1698*-1 is divided by 93.
4
Let p(w) = 4*w**2 + 33*w - 9. What is the remainder when p(8) is divided by 94?
41
What is the remainder when 221 is divided by 15176/133 - ((-679)/(-133) + -5)?
107
Let c(d) = d**2 + 24*d - 108. Let i be c(-21). Let b = i + 185. Let g = 59 - 38. What is the remainder when g is divided by b?
7
What is the remainder when 1693 is divided by (-3990)/(-75) - 2/10?
50
Suppose 7695 = -20*r + 153*r + 2109. What is the remainder when 478 is divided by r?
16
Suppose -2*m = 5*v - 22807, 0 = 762*v - 759*v + 4*m - 13701. What is the remainder when v is divided by 66?
5
Let z = -27441 + 28089. What is the remainder when z is divided by 311?
26
Suppose -3*b + 100*c - 3789 = 98*c, 4*b - 3*c = -5052. Calculate the remainder when -7 + b/9*-3 is divided by 13.
11
Suppose 28*d + 44 = 27*d. Let r = -32 - d. Let p = 16 - r. Calculate the remainder when 12 is divided by p.
0
Suppose 5*i + 0*i = 4*a + 55, -10 = 2*a. Suppose 167*d - 161*d + 8118 = 0. Calculate the remainder when (d/(-22))/(9/6) is divided by i.
6
What is the remainder when 745 is divided by (-12)/(-24) - 329/(-2)?
85
Let i = -10187 - -10227. Calculate the remainder when 358 is divided by i.
38
Let y = 41 + -12. Suppose -11*n - x = -750, -22*n + 130 = -20*n - 3*x. Calculate the remainder when n is divided by y.
10
Let l = 1551 - 1503. Let c be 16*-3*39/(-6). Let s = -75 + c. What is the remainder when s is divided by l?
45
Suppose m = 5*h - 1520, -9*m + 328 = h - 14*m. Let f = 458 - h. What is the remainder when f is divided by 27?
20
Let h(b) = b**3 - 7*b**2 - 3*b - 4. Let s be h(8). Suppose 894 = s*z + 210. Suppose 0 = -2*l - l + 99. Calculate the remainder when l is divided by z.
14
Suppose -7*c - 6579 = -10905. What is the remainder when c is divided by 26?
20
Let i = 3583 + -3520. Calculate the remainder when 232 is divided by i.
43
Let a = 5003 + -4923. Calculate the remainder when 2394 is divided by a.
74
Calculate the remainder when 2/4 - (-1768)/16 is divided by (-2 - 342/(-27))*21/4.
55
Let a(f) = 3*f**3 + 85*f**2 + f + 43. Let k(w) = -w**3 - 41*w**2 - 21. Let n(m) = 2*a(m) + 5*k(m). What is the remainder when 302 is divided by n(35)?
47
Suppose 2*c - 5*t - 16 = 0, -t = c - 0*c - 1. Suppose 5*m = 9*m - 2*w - 48, c*m - 35 = w. What is the remainder when 56 is divided by m?
1
Calculate the remainder when 259 is divided by (-1332)/(-21) - 12/28.
7
Let t = -16 - -22. Suppose -t = 3*j - 5*j. Suppose 5*x - 10 = 3*f, 0 = 22*x - 21*x + 4*f - 25. What is the remainder when x is divided by j?
2
Let o(z) = -2*z + 6. Let l = 22 + -18. Suppose 0 = -9*t + l*t - 4*b - 31, -3*b = -4*t - 31. What is the remainder when o(t) is divided by 11?
9
Suppose 0 = 907*p - 910*p + 2019. What is the remainder when p is divided by 36?
25
Let h be (25/(-100))/((-2)/5592). Let w = h - 583. What is the remainder when w is divided by 30?
26
Let f be ((-93)/1)/((-5)/(-3 + 18)). Suppose -10*k + 5*k + 281 = -q, -5*k = q - f. Calculate the remainder when 222 is divided by k.
54
Suppose -45868 = -4*g + 23*u - 19*u, -3*u + 160674 = 14*g. What is the remainder when g is divided by 19?
18
Let z(b) = 126*b + 104. Calculate the remainder when z(3) is divided by 24.
2
Let s(h) = 6*h**3 + 3*h**2 + 9*h + 6. Let o(t) = -7*t**3 - 3*t**2 - 9*t - 7. Let r(d) = -5*o(d) - 6*s(d). What is the remainder when r(-6) is divided by 18?
17
Suppose -4*j = 2*s + 3 - 1, 5*s - 23 = 4*j. Let n(o) = -o**3 - o**2 - 4*o. Calculate the remainder when 79 is divided by n(j).
7
Let q = 557 + -532. Calculate the remainder when 191 is divided by q.
16
Let w be (-38)/(-10) + 85/425. Let p = -3 - -11. Let f = p + w. Calculate the remainder when 44 is divided by f.
8
Suppose -40 = -2*m + 6. Suppose 4*n + 9 = 2*n + 3*v, 0 = 2*n + 5*v + 17. Let b = n + m. What is the remainder when b is divided by 4?
1
Suppose -2*v + 3*v = 5. Let u(c) = -37*c - 20. Let x be u(v). Let w = 392 + x. What is the remainder when w is divided by 27?
25
Let m = -3110 + 3129. What is the remainder when 85 is divided by m?
9
Supp